uppose 3*k - i = 49. Let q be k/((-9)/((-27)/6)). Calculate the greatest common factor of q and 63.
21
Let o = 78 + -66. Let s = 24 + 6. What is the highest common factor of o and s?
6
Let d be 15/2*(45 - 43). Calculate the highest common factor of 21 and d.
3
Suppose 3*z - 179 = -29. Let b = -11 - z. Let p = b - -97. What is the greatest common divisor of 24 and p?
12
Let s(m) = -m - 1. Let y(r) = -16. Let k(p) = -5*s(p) - y(p). Let d be k(4). Calculate the greatest common factor of d and 451.
41
Let b = 1355 + -1334. Calculate the highest common divisor of b and 1113.
21
Suppose -3*h + 0 = -33. Let v = 242 - 143. What is the highest common factor of h and v?
11
Let z = -41 + 126. Let w = z + -19. Suppose -4*v + 3*y + 179 = 0, -46 = -v - y - 3. What is the greatest common factor of v and w?
22
Let n(h) = 15*h. Let k be n(3). Suppose 4*f - 124 + 116 = 0. Let i be (f - -1)*(-15)/(-9). Calculate the greatest common divisor of i and k.
5
Suppose 5*j = 20, 2*o - 28 = 3*j + 142. Let i = 131 - o. Calculate the highest common divisor of 20 and i.
20
Suppose 410 = 13*u + 137. What is the highest common factor of u and 63?
21
Let x(h) = h**2 + 17*h - 11. Let s be x(14). Calculate the greatest common factor of 235 and s.
47
Suppose -7*w = -5*w - 306. Suppose 2*g - w = -7*g. Calculate the greatest common factor of g and 187.
17
Let x be 3/(6/(-8)) - 11*-5. Suppose -2*y + 5 = -x. Calculate the highest common divisor of y and 7.
7
Suppose 5*y = -7*y + 864. Let k be 2054/19 + (-20)/190. Calculate the greatest common divisor of k and y.
36
Let h = 950 + -860. Suppose -k - 10 = -2*k. Calculate the greatest common divisor of h and k.
10
Suppose 4874 - 19454 = -54*w. Calculate the greatest common factor of w and 450.
90
Let i = 44 - 30. Let g = 44 + -63. Let h = 40 + g. What is the greatest common divisor of h and i?
7
Let h(c) = c**3 - 11*c**2 - 20*c - 9. Let j be h(12). Let n be (-60)/j - (-76)/14. What is the greatest common divisor of n and 48?
6
Let g = 37 + -21. Let x be g/3 - 4/(-6). Suppose x*z - 10*z = -208. What is the greatest common factor of z and 13?
13
Let h(t) = -48*t + 364. Let d be h(-8). What is the highest common divisor of 176 and d?
44
Suppose -2*q - 82 = -2*o, -o = 4*o + 2*q - 198. What is the greatest common divisor of o and 220?
20
Suppose 0 = -9*x - 3*x + 72. Suppose 5*z = 5*t + 60, x*z - 18 = 4*z - 4*t. Let a be (2 + -24)*10/(-4). What is the highest common divisor of a and z?
11
Let n(c) = -c**3 - 7*c**2 - c + 12. Let p = 8 - 15. Let i be n(p). What is the greatest common divisor of 152 and i?
19
Suppose 116 = 4*k - 3*h, -48 = -5*k + 4*k - 4*h. Suppose 5*s - 2 - k = 2*q, 4*s + 3*q = 18. Calculate the greatest common divisor of s and 6.
6
Let y be 105 - (10 + -6) - 3. Calculate the greatest common divisor of y and 28.
14
Suppose 3*r + 2*r = 20, -5*w - 3*r = -32. Let h = -13 - -15. Suppose 0*s - m = -s - 1, m = -h*s + 13. Calculate the highest common factor of s and w.
4
Suppose 24 - 328 = -4*g. Calculate the greatest common divisor of 57 and g.
19
Suppose 0 = -13*j - 44 + 213. What is the greatest common divisor of j and 156?
13
Let m(r) = 19*r**2 - 6*r - 1. Let q = 62 + -63. Let u be m(q). Calculate the greatest common factor of 216 and u.
24
Suppose 0 = -2*i + 608 + 94. Let m be i/52*4/3. What is the greatest common factor of m and 1?
1
Let d = 403 - 366. What is the greatest common factor of 296 and d?
37
Let j = 34 - -35. What is the highest common factor of j and 23?
23
Let n = -251 + 305. What is the highest common divisor of 216 and n?
54
Suppose 3*a - 19 = 2*d, 0 = 4*a - 2*d - 26 - 0. Let w = -146 + 153. What is the greatest common divisor of a and w?
7
Let k(v) = 219*v + 1. Suppose 3*x = 2*x - 3, -x + 1 = 4*f. Let z be k(f). Let u = 57 + -37. What is the greatest common divisor of u and z?
20
Let d(v) = v**3 - 11*v**2 + 3. Let b be d(11). Suppose 295 = 6*g - g + 5*z, -4*z = -b*g + 156. What is the highest common divisor of 140 and g?
28
Let l be ((-13)/(-14) + (-9)/21)*40. What is the greatest common divisor of l and 64?
4
Suppose 544 = 2*u + 14*u. Calculate the highest common factor of u and 850.
34
Suppose -2*x = -3*x + 107. Suppose 3*i + 3*c = 72, -i - 2*i + 4*c + x = 0. Calculate the highest common divisor of i and 58.
29
Let s(r) = -r + 62. Let j be s(-8). What is the greatest common factor of 30 and j?
10
Let i = -172 + 178. Suppose 8*x - 20 = 3*x. Calculate the highest common divisor of x and i.
2
Suppose 0 = -5*a + 7*a - 4. Suppose -150 = -6*v + v - 2*z, -a*v + 60 = -z. Calculate the greatest common factor of 6 and v.
6
Let b be 435/5 + -3*1. What is the greatest common factor of b and 21?
21
Let v be (2 + -5 - -3)/1. Let b be v + 1 - (-127 + 7). Let s be 670/60 + (-1)/6. Calculate the highest common divisor of b and s.
11
Let n(b) = -10*b**2 + b + 1. Let o be n(-1). Let v = 24 + o. Let f = 125 - 69. Calculate the highest common divisor of f and v.
14
Suppose 4*o - 5*y = -y + 84, 3*o - 5*y = 73. Suppose -268 = -o*k + 244. What is the greatest common divisor of 8 and k?
8
Let o(t) = 3*t**2 - 11*t + 71. Let n be o(8). Calculate the greatest common factor of n and 75.
25
Let z = -1250 + 1302. Let p be (-2 - -3)/(2/(-4)). Let w be p + 131 - (-1 - 0). Calculate the highest common factor of w and z.
26
Suppose a + 82*a = 996. Calculate the greatest common factor of a and 44.
4
Let v(k) = k**2 - 3*k. Suppose 2*i = -23 + 17. Let s be v(i). Calculate the greatest common divisor of s and 6.
6
Let n(h) = -2*h**2 - 19*h - 15. Let s be n(-8). Suppose -s*u - 132 = -15*u. Calculate the highest common divisor of 11 and u.
11
Let z = 1166 - 1154. What is the greatest common divisor of 348 and z?
12
Let r(l) = 15*l**2 - 4*l + 4. Let f be r(1). Let y be (f - 1 - (-12 + 11)) + 3. What is the highest common factor of 18 and y?
18
Let f = -89 - -222. What is the highest common factor of 19 and f?
19
Let z = 354 + -196. What is the highest common divisor of 395 and z?
79
Let k = -935 + 942. Let d(z) = 3*z + z**2 + 3*z**3 + 0*z**3 + 1 - 4*z**3. Let h be d(-3). Calculate the greatest common divisor of h and k.
7
Suppose 0*f = -4*a + 2*f + 234, 4*a + f - 243 = 0. Let o(m) = -2*m - 10. Suppose -i + 4*i = -33. Let n be o(i). What is the highest common factor of a and n?
12
Suppose -2*x + x + 4 = 0, 5*r + 2*x = -2. Let c be (-1 - 2) + (r - -16). What is the highest common factor of 99 and c?
11
Let i(m) = m**2 - m - 3. Let c be i(-2). Suppose -w + c*w = 6. Suppose -w*q = -8*q + 3*d + 44, 5*d = 5*q - 40. Calculate the greatest common factor of 5 and q.
5
Let p(r) = -r**3 - 17*r**2 - 66*r + 32. Let h be p(-18). Calculate the highest common divisor of 16 and h.
8
Let d(h) = 98*h + 788. Let w be d(-8). What is the greatest common factor of w and 106?
2
Let g = 41 + 109. What is the greatest common divisor of g and 60?
30
Suppose -4*r + 239 = -3*t, 0*r - r = t + 75. Suppose 5*i - a = 21 - 193, 76 = -2*i - 2*a. Let y = i - t. Calculate the highest common factor of 14 and y.
14
Suppose 2*s + s = 51. Suppose 10 = -5*t, 2*n - 5*t = -1 + s. Calculate the highest common factor of n and 33.
3
Let o be 3816/10*(380/(-8))/(-19). What is the highest common divisor of 36 and o?
18
Suppose -4*f - 202 = -5*t, f - 4*t + 152 = -2*f. Let a = f + 54. Calculate the greatest common factor of 15 and a.
3
Let t be (-2 - (5 + -8)) + 6. Suppose 5*a + 25 = 0, 4*a = 3*u + u - 20. Let r = u - -1. Calculate the greatest common divisor of t and r.
1
Suppose -d + 0*d = 3*z - 56, 0 = 4*d + 4. Let y = z + -9. Calculate the greatest common factor of y and 15.
5
Suppose 0*f - 78 = -v + 3*f, -3*v + 5*f + 226 = 0. Let t be 60/(1/(-3) - (-78)/v). What is the highest common divisor of 20 and t?
20
Let x = 233 - 125. Calculate the highest common divisor of 144 and x.
36
Let x(j) = 102*j - 49*j + 3 + 2*j**3 - 24*j**2 - 52*j. Let l be x(12). Suppose 6 = -2*f + 4*f. What is the greatest common divisor of f and l?
3
Suppose -5*i - 270 = -10*i. Suppose 2*c - 3*b = 84, -17*c + 3*b = -14*c - 120. Calculate the highest common divisor of c and i.
18
Let o = -1687 + 2362. What is the greatest common divisor of o and 27?
27
Suppose 0 = -4*k - 5 + 17. Suppose 3*w = -5*v + 28, -k*v = -w - 0*v. Calculate the greatest common divisor of w and 6.
6
Suppose 12 + 20 = 2*l. Suppose -v + 6 = 2*f, 2*v - 4